 is the thousands digit of 7678289?
8
What is the ten millions digit of 28742158?
2
What is the hundreds digit of 4772368?
3
What is the ten thousands digit of 307019?
0
What is the tens digit of 474939?
3
What is the tens digit of 507312?
1
What is the hundreds digit of 8433606?
6
What is the hundreds digit of 1278405?
4
What is the ten thousands digit of 4111025?
1
What is the thousands digit of 728120?
8
What is the tens digit of 665184?
8
What is the ten thousands digit of 7077483?
7
What is the tens digit of 968990?
9
What is the ten thousands digit of 7231532?
3
What is the units digit of 527614?
4
What is the hundreds digit of 119955?
9
What is the units digit of 2770653?
3
What is the ten thousands digit of 202796?
0
What is the thousands digit of 81383?
1
What is the hundred thousands digit of 1625509?
6
What is the hundred thousands digit of 2742705?
7
What is the tens digit of 15292?
9
What is the hundreds digit of 180146?
1
What is the tens digit of 450130?
3
What is the tens digit of 52159?
5
What is the hundreds digit of 334497?
4
What is the units digit of 6236?
6
What is the tens digit of 6638329?
2
What is the hundred thousands digit of 482670?
4
What is the ten thousands digit of 16546631?
4
What is the units digit of 912682?
2
What is the hundred thousands digit of 271423?
2
What is the thousands digit of 466428?
6
What is the tens digit of 330973?
7
What is the units digit of 347086?
6
What is the units digit of 1761141?
1
What is the thousands digit of 662700?
2
What is the hundred thousands digit of 758679?
7
What is the tens digit of 6301957?
5
What is the ten thousands digit of 1671968?
7
What is the units digit of 2017367?
7
What is the units digit of 552939?
9
What is the ten thousands digit of 230068?
3
What is the ten thousands digit of 659302?
5
What is the units digit of 263009?
9
What is the millions digit of 5614873?
5
What is the ten thousands digit of 5439451?
3
What is the hundred thousands digit of 107949?
1
What is the units digit of 1973183?
3
What is the thousands digit of 2516835?
6
What is the hundreds digit of 3320407?
4
What is the millions digit of 5269392?
5
What is the units digit of 762280?
0
What is the ten thousands digit of 137232?
3
What is the thousands digit of 179358?
9
What is the thousands digit of 16291673?
1
What is the hundreds digit of 746545?
5
What is the ten thousands digit of 110194?
1
What is the ten thousands digit of 24742239?
4
What is the units digit of 426054?
4
What is the units digit of 13019060?
0
What is the thousands digit of 1207756?
7
What is the hundred thousands digit of 150038?
1
What is the tens digit of 5076809?
0
What is the ten thousands digit of 7050667?
5
What is the millions digit of 5562296?
5
What is the tens digit of 11748362?
6
What is the millions digit of 1288960?
1
What is the tens digit of 240655?
5
What is the ten thousands digit of 38023?
3
What is the ten thousands digit of 249814?
4
What is the ten thousands digit of 8804737?
0
What is the thousands digit of 150808?
0
What is the thousands digit of 2604286?
4
What is the hundred thousands digit of 918030?
9
What is the hundred thousands digit of 1068074?
0
What is the hundred thousands digit of 621858?
6
What is the hundreds digit of 245045?
0
What is the ten thousands digit of 246417?
4
What is the tens digit of 1935706?
0
What is the tens digit of 3915018?
1
What is the ten thousands digit of 29007?
2
What is the ten thousands digit of 265329?
6
What is the hundreds digit of 497484?
4
What is the units digit of 28700099?
9
What is the millions digit of 1189657?
1
What is the thousands digit of 25479?
5
What is the hundreds digit of 9485125?
1
What is the thousands digit of 3818117?
8
What is the hundred thousands digit of 4721204?
7
What is the hundreds digit of 45027?
0
What is the ten thousands digit of 355039?
5
What is the ten thousands digit of 507885?
0
What is the hundred thousands digit of 124490?
1
What is the hundreds digit of 20281256?
2
What is the tens digit of 1323794?
9
What is the hundreds digit of 471034?
0
What is the millions digit of 36098007?
6
What is the millions digit of 3293801?
3
What is the ten millions digit of 27538035?
2
What is the hundreds digit of 1732848?
8
What is the hundreds digit of 225733?
7
What is the hundreds digit of 1630541?
5
What is the thousands digit of 11076?
1
What is the ten thousands digit of 1216377?
1
What is the hundred thousands digit of 143099?
1
What is the tens digit of 170910?
1
What is the ten thousands digit of 1211833?
1
What is the ten millions digit of 13252647?
1
What is the hundreds digit of 13881033?
0
What is the hundred thousands digit of 4841925?
8
What is the hundred thousands digit of 527144?
5
What is the hundreds digit of 3454618?
6
What is the hundreds digit of 59486?
4
What is the tens digit of 9079225?
2
What is the hundred thousands digit of 1585356?
5
What is the thousands digit of 493107?
3
What is the thousands digit of 7517414?
7
What is the tens digit of 1503661?
6
What is the ten thousands digit of 489440?
8
What is the units digit of 2607470?
0
What is the millions digit of 6075668?
6
What is the ten thousands digit of 22162?
2
What is the units digit of 4848906?
6
What is the ten thousands digit of 48985?
4
What is the ten thousands digit of 5413016?
1
What is the ten thousands digit of 18549164?
4
What is the units digit of 722968?
8
What is the millions digit of 8897754?
8
What is the ten thousands digit of 251596?
5
What is the hundred thousands digit of 2858334?
8
What is the thousands digit of 17481499?
1
What is the hundred thousands digit of 11111000?
1
What is the tens digit of 1667915?
1
What is the hundreds digit of 3297098?
0
What is the tens digit of 1895363?
6
What is the ten thousands digit of 171700?
7
What is the hundreds digit of 623319?
3
What is the ten thousands digit of 4492354?
9
What is the units digit of 164278?
8
What is the units digit of 39001458?
8
What is the tens digit of 2917435?
3
What is the hundreds digit of 927238?
2
What is the ten thousands digit of 961563?
6
What is the ten millions digit of 25435229?
2
What is the ten thousands digit of 3256098?
5
What is the tens digit of 122663?
6
What is the hundreds digit of 773959?
9
What is the hundred thousands digit of 128597?
1
What is the thousands digit of 980798?
0
What is the hundreds digit of 477697?
6
What is the ten thousands digit of 127160?
2
What is the hundreds digit of 12686344?
3
What is the hundred thousands digit of 1119314?
1
What is the hundred thousands digit of 4828266?
8
What is the tens digit of 626033?
3
What is the tens digit of 87807?
0
What is the ten thousands digit of 465638?
6
What is the units digit of 43315879?
9
What is the ten thousands digit of 900710?
0
What is the hundred thousands digit of 212988?
2
What is the hundreds digit of 17943483?
4
What is the tens digit of 29755?
5
What is the units digit of 159444?
4
What is the thousands digit of 185867?
5
What is the hundred thousands digit of 6823003?
8
What is the thousands digit of 314103?
4
What is the ten thousands digit of 163517?
6
What is the units digit of 1427094?
4
What is the hundreds digit of 1542522?
5
What is the ten thousands digit of 544869?
4
What is the millions digit of 1216137?
1
What is the thousands digit of 4011810?
1
What is the millions digit of 2076238?
2
What is the ten thousands digit of 204953?
0
What is the hundred thousands digit of 1158745?
1
What is the thousands digit of 5508451?
8
What is the units digit of 123040?
0
What is the thousands digit of 1304756?
4
What is the tens digit of 6710838?
3
What is the ten thousands digit of 2224917?
2
What is the hundred thousands digit of 156272?
1
What is the ten thousands digit of 106682?
0
What is the hundreds digit of 27198633?
6
What is the units digit of 1233643?
3
What is the ten thousands digit of 7622107?
2
What is the millions digit of 19327650?
9
What is the ten thousands digit of 2932187?
3
What is the ten thousands digit of 352013?
5
What is the hundred thousands digit of 5472533?
4
What is the hundreds digit of 808398?
3
What is the tens digit of 1548052?
5
What is the ten millions digit of 34216572?
3
What is the ten thousands digit of 2844479?
4
What i